False
Suppose 0 = -4*v - 4, -2*b - 9*v + 14*v = -31323. Is b prime?
False
Suppose 44*r - 435689 = 42*r - 3*u, 0 = -5*u - 15. Is r a composite number?
False
Let y(g) = -9 + 49*g**2 + 25 + 26*g - 8 + 39. Is y(-14) prime?
False
Suppose 7*b - 564393 - 1201672 = 0. Is b a composite number?
True
Suppose -4*z + b + 301314 = 0, 3*b + 207550 = 7*z - 319747. Is z prime?
True
Let x(s) = 294*s**3 + 7*s**2 + 31*s - 2. Let v be x(14). Is v/120 - (-5)/(-6) composite?
False
Let d be (-32776)/(-6)*(-9)/(-6). Suppose -2*n = 8, 2*c - n - 2*n = d. Is c prime?
True
Let s = -4028 + 1825. Let d = s - -722. Let j = d + 3012. Is j a composite number?
False
Let i be (2*(-1)/(-2))/(2/8). Suppose i*u - 12 - 8 = 0. Suppose -d - d - z = -1396, -707 = -d - u*z. Is d a prime number?
False
Let h(z) = 1974*z**2 + 9*z - 10. Is h(1) a composite number?
False
Let m(v) = 7665*v - 53. Let q be m(-2). Let f = 22188 + q. Is f a composite number?
True
Suppose 0 = -26*o + 48*o + 42*o - 3603904. Is o a composite number?
False
Let o = 300130 + -200567. Is o a prime number?
True
Suppose 0*a - 8 = -2*z + 2*a, 20 = 5*z - a. Suppose -4*x - 5700 = z*n, -3*n - 4275 = 3*x - 6*n. Let p = 282 - x. Is p composite?
True
Let l be (0 - -1)/(1 - 2). Let m(x) = -1031*x**2 - x. Let w be m(l). Let p = 1449 + w. Is p a composite number?
False
Suppose -3*t + 58 = 55. Let n be 9 + -8 + (t - 1). Suppose -51 - n = -r - 3*w, -5*r = -4*w - 355. Is r a prime number?
True
Let f = 1419861 + -976042. Is f composite?
True
Let d be 8/36 + (-4)/18. Suppose 2*y = -y + 13221. Suppose -4*c = 3*h - y, d*h = 5*c - 2*h - 5503. Is c prime?
False
Let i(m) = -132*m**3 + 11*m**2 - 21*m - 79. Is i(-12) prime?
False
Let g(w) = 23*w**2 + 8*w - 10. Suppose 0 = x + 4 - 28. Let s = x - 31. Is g(s) a prime number?
True
Let z(y) = -6180*y**3 + 3*y**2 - 2*y + 2. Let c be z(1). Let l = c - -8944. Is l a composite number?
False
Suppose 11*a = 6*a + 10. Let i(d) = 3*d + 14*d**2 - 17 + 9*d**3 + 2*d**a - 8*d**3. Is i(-13) a composite number?
True
Is (-760)/(-2090) + (-15825)/(-11) composite?
False
Let g(b) = 8*b**3 - 8*b**2 + 87*b - 38. Is g(11) composite?
True
Suppose 6*p = -5*m + p + 964320, 192879 = m - 4*p. Suppose 327232 = 23*r - m. Is r prime?
True
Suppose 5*q - 31509 - 6941 = 0. Suppose -i = 3*u + 2*i - 11553, -2*u + i = -q. Is u prime?
True
Let i(v) = -250*v**3 - 32*v**2 - 151*v - 59. Is i(-6) a composite number?
True
Let n(t) = 242*t**2 - 6*t + 7. Let a be n(4). Suppose 0 = -k + 6*k - a. Suppose 0 = -3*z + u + 1532, -2*z + u + 252 = -k. Is z a prime number?
True
Let b(f) = 4152*f - 58 - 2683*f - 145. Is b(6) prime?
False
Let j = 26107 - 48511. Let v = -9311 - j. Is v composite?
False
Suppose -3*s - 2540 = -s - 4*t, t = -2*s - 2525. Is ((-3)/1)/(-4*(-12)/s) prime?
True
Suppose -3*u - 3*n - 90 = 0, 3*u - 5*n - 16 = -114. Let j = u - -162. Is j a composite number?
False
Suppose 9*z + 39089 = -2*a + 8*z, 0 = 3*z + 9. Let c = -7836 - a. Is c prime?
False
Let u(j) = 2869*j**2 - 8*j - 15. Let i(n) = -2*n**2 + 6. Let v be i(-2). Is u(v) a prime number?
False
Suppose -4*v - 66266 = -2*j, -13*v + 10*v = 3*j - 99390. Is j prime?
False
Let q(v) = -43*v + 1342*v + 33 + 11. Is q(3) composite?
True
Let t(u) = -1955*u**2. Let d be t(-1). Let x = 4408 + d. Is x prime?
False
Suppose 14*y - 1379293 = 527906 - 578347. Is y composite?
True
Let u(m) = 2 + 957*m - 269*m + 1627*m + 450*m - 168*m. Is u(1) a composite number?
True
Let u(m) be the third derivative of 41*m**5/20 + m**4/12 - 7*m**3/3 + 88*m**2 + m. Is u(-3) a prime number?
True
Let o = 66629 - -3917. Suppose 50*v = 36*v + o. Is v prime?
True
Let h(u) = -u**3 + 2*u**2 + 5*u + 6. Let g be h(4). Let b be (g/21)/1 + (-48856)/14. Is (-1)/(-7 + 4 + 4) - b a prime number?
False
Let h = 518 + -524. Is (h + 7)*(7867 - (4 + -4)) composite?
False
Let x be 11/(-33) - 4*2302/(-12). Let b = 144 - 276. Let u = b + x. Is u prime?
False
Let l be -1 + (-4)/(-6) - (-5)/15. Suppose l*a + 95090 = 10*a. Is a composite?
True
Let g be (-20)/8*8/40*-12. Suppose 2*v = 4 - g, l + v = 31846. Is l composite?
False
Let r = 35770 + 3063. Is r a prime number?
True
Let t(i) = 3*i - 36. Let g be t(12). Suppose g*q = -2*q - 3*x + 682, -2*q - x = -690. Let c = q - -72. Is c a composite number?
False
Let b = 37783 - -5244. Is b a prime number?
False
Let y be 1461/(-2)*(12 + -116). Suppose -29883 = -5*s - k + 65073, -y = -4*s + k. Suppose -6*u + s = 2426. Is u a prime number?
False
Suppose 2*v + 42 = -5*y, -3*y + 53 - 10 = -5*v. Let t(z) be the second derivative of z**4/3 - 2*z**3/3 - 7*z**2/2 + 13*z + 2. Is t(v) a composite number?
False
Suppose 10*a - 42964 - 59686 = 0. Suppose a = -196*q + 201*q. Is q prime?
True
Suppose -a + 694848 = -9*y + 4*y, -3*y - 8338119 = -12*a. Is a a composite number?
True
Let y(f) = -f**3 + 58*f**2 - 63*f - 169. Is y(-67) a composite number?
False
Suppose 4*i = 12*i + 288. Let d = -24 - i. Let k = d + 437. Is k a composite number?
False
Let b = 74142 - -15917. Is b composite?
False
Suppose 91*u - 53*u + 154899 = 65*u. Is u prime?
True
Let g = 158939 + -80788. Is g prime?
False
Let x = 382746 + -226333. Is x prime?
False
Is (-1)/(37356264/5336610 - 7) prime?
False
Let i = -58318 - -83267. Is i a composite number?
True
Let n(q) = -331*q - 53. Let m be n(11). Is (m/(-8))/((-23)/(-92)) prime?
True
Let g = 14826 + 41. Is g a composite number?
False
Let d = -547 - -549. Suppose y - 8*g - 2145 = -4*g, d*g + 4302 = 2*y. Is y prime?
True
Let d be (-146)/4 + (-1)/(-2). Let b = d + 188. Suppose -p + 499 = b. Is p a composite number?
False
Let p(q) = 163*q**2 + 50. Let x be p(12). Is x/8 + ((-760)/32)/19 prime?
True
Suppose -25725 - 53337 = 6*h. Let s = 19472 + h. Is s prime?
False
Suppose b - 3*t - 7316 = 0, 5*t = 4*b + 7039 - 36310. Let k = b + 884. Is k a prime number?
False
Suppose 1 = 4*k - 2*r - 5, r = -3*k + 7. Suppose 4*p + 2*f = -8, -k*p = -7*p - 3*f - 12. Is 1 + (484 - p) + -5 + 7 prime?
True
Suppose -15 = 3*x, -3*x = 4*b - 8*b + 27. Suppose -10707 + 1647 = -2*a + 2*g, -b*a = 5*g - 13630. Is a composite?
True
Let n(o) = 265*o - 8. Let j be n(4). Let h = j - 231. Suppose -3*d = -h - 130. Is d composite?
False
Let c = -531 + 2856. Let q = 4868 - c. Is q a prime number?
True
Let n = -66 + 75. Suppose n*m = 8*m + 11756. Suppose -5*a + m = -a. Is a prime?
True
Let w = -4 - -10. Suppose 0 = 4*d + 5*g - 12, -2*g = 2*d - 7*g - w. Suppose -5*f = d*n - 0*f - 2225, 3*n - 2237 = f. Is n prime?
False
Suppose 0 = 4*z - 3*z - c - 120, 0 = -c - 2. Is -10 - -1 - (-248980)/z a prime number?
False
Let p = -721 + 2135. Suppose 8*q - 11*q + 5*n = -1991, -2*n = -4*q + 2636. Let h = p - q. Is h a composite number?
False
Suppose 13579379 = 20*r + 5463399. Is r a prime number?
True
Let m = 2663123 - 1194806. Is m prime?
False
Let x = 90 - 88. Suppose -3*v = -3*b - x - 25, -b + 15 = 5*v. Suppose v*f + 2*f - 966 = 0. Is f prime?
False
Let m(j) = 55*j**3 + 2*j**2 - 12*j - 31. Is m(10) prime?
True
Let v(p) = -p**3 + 32 + p - 9*p - 2*p + 18*p**2. Is v(11) a composite number?
False
Suppose -5*b - x - 15 = -6, 0 = 4*x + 16. Let c(d) = -2*d**3 - 3*d**2 - 4*d - 2. Let s be c(b). Is (-3 + s)*(-406)/4 composite?
True
Suppose 5*y + 3455 = -1145. Let m = 703 - y. Is m a prime number?
False
Suppose -9 = -2*i + 1. Suppose 4*t - 2*t - 3694 = 0. Suppose -4*v + 2*q + 1345 = -143, -i*v - 4*q + t = 0. Is v prime?
False
Let o = -211841 - -544450. Is o a composite number?
True
Let o(t) = -t + 67. Let m be o(-22). Suppose -3907 = m*y - 90*y. Is y composite?
False
Suppose -77*o + 18756867 = -9*o + 109*o. Is o composite?
False
Is -57 + (-13207)/(-235) - (-1134378)/10 composite?
False
Suppose -4*y + 49 = -131. Let n = -49 + y. Is (4/(-2) - (-1833)/(-52))*n composite?
False
Suppose -173*q - 393168 = -221*q. Is q a composite number?
False
Let m(t) be the third derivative of 11*t**6/720 + 47*t**5/24 + 11*t**4/12 + 26*t**2. Let n(q) be the second derivative of m(q). Is n(0) a prime number?
False
Let b be 590/(-15)*(48 - (2 + -2)). Let s = b + 570. Let t = -323 - s. Is t a composite number?
True
Suppose 448*l - 4*c = 450*l - 73378, -3*c = -5*l + 183445. Is l composite?
True
Suppose 3*g + 3*t + 4421 = 5*g, 8846 = 4*g - 2*t. Let y = g - 1233. Is y a composite number?
True
Suppose -10*u + 1 = -49. Suppose -8650 = -u*w - 3*l, 5*w - 2*l - 8620 = l. Is w prim